
In base 6, what is -315 - 2502?
-3221
In base 9, what is -10 - -260637?
260627
In base 6, what is -3315 + 45?
-3230
In base 11, what is -253 + 3650?
33a8
In base 6, what is 20234 - 3?
20231
In base 2, what is 10001 - -10011100?
10101101
In base 13, what is 11 - 1a96?
-1a85
In base 3, what is 1011 - 10222021?
-10221010
In base 9, what is 20 - -6274?
6304
In base 6, what is -11443 - 30?
-11513
In base 15, what is -61ba + 2?
-61b8
In base 9, what is 50325 - -1?
50326
In base 3, what is 0 - -22210212002?
22210212002
In base 5, what is 3311 + 22343?
31204
In base 12, what is -18457 + 0?
-18457
In base 5, what is 242311240 + 10?
242311300
In base 6, what is 0 + -104022?
-104022
In base 3, what is -12000010001 - -10?
-12000002221
In base 16, what is 2dae + c?
2dba
In base 14, what is -681 + 1147?
8a6
In base 7, what is 34203 - -21?
34224
In base 11, what is 5 + -9727?
-9722
In base 2, what is -11001010111 + -1100101011?
-100110000010
In base 15, what is -3323e5 - -3?
-3323e2
In base 15, what is -79 + 6?
-73
In base 8, what is -52346707 - -2?
-52346705
In base 6, what is -14500 + -3333?
-22233
In base 7, what is 0 + -1034434?
-1034434
In base 16, what is -84d7 - -3?
-84d4
In base 12, what is 47aa24 - -4?
47aa28
In base 14, what is 338c5 + -9?
338ba
In base 16, what is 52b3 + -70?
5243
In base 9, what is -3104 - -2?
-3102
In base 15, what is 4 + -2530?
-252b
In base 5, what is 2122121 - 2?
2122114
In base 4, what is -1020032 - -1331?
-1012101
In base 6, what is 5 - -15004533?
15004542
In base 7, what is -633 + -6653?
-10616
In base 15, what is -227 + -22d?
-455
In base 12, what is a6a + 1535?
23a3
In base 3, what is -10 - -1022020200?
1022020120
In base 10, what is 528 - -72?
600
In base 6, what is 523513 + -12?
523501
In base 16, what is -472 - 81?
-4f3
In base 4, what is 223002211 + 0?
223002211
In base 9, what is -3 + -7716?
-7720
In base 13, what is 39 - 16?
23
In base 3, what is -1121222210 - 20?
-1122000000
In base 7, what is 241 - 36?
202
In base 14, what is 3108 + -d?
30d9
In base 7, what is -163 + 2354?
2161
In base 15, what is 4a + 229?
274
In base 2, what is 1101111010110 - -1000?
1101111011110
In base 3, what is 211 - -1112002?
1112220
In base 5, what is 321214 - -4?
321223
In base 8, what is 23 - -7542?
7565
In base 7, what is -250465 - 6?
-250504
In base 12, what is 1bb + -b2?
109
In base 5, what is 3423 + 404?
4332
In base 7, what is -22 + -100400?
-100422
In base 15, what is -92c6 - -1?
-92c5
In base 15, what is 66a - -2d2?
94c
In base 11, what is 212212 - -1?
212213
In base 14, what is -44 + 62d4?
6290
In base 14, what is a81 - a3?
9bc
In base 10, what is 38044 - -11?
38055
In base 8, what is -2 + 45306?
45304
In base 2, what is -10000100 + -1000001111110?
-1000100000010
In base 15, what is 0 + 162a4?
162a4
In base 5, what is -3041 + -1444?
-10040
In base 15, what is -10c82 - 4?
-10c86
In base 12, what is 1567 - -1?
1568
In base 8, what is -473407 - -3?
-473404
In base 12, what is -3 - -55860?
55859
In base 16, what is -e30 - 4?
-e34
In base 7, what is -465 + -1?
-466
In base 11, what is 5 + 58602?
58607
In base 2, what is 110000 + 11010101000?
11011011000
In base 16, what is 84 - -1cd5?
1d59
In base 14, what is -247b5 - -1?
-247b4
In base 13, what is -59b + 3?
-598
In base 13, what is 51 + -2b27?
-2aa6
In base 12, what is 245a - -8?
2466
In base 12, what is 0 - -26105?
26105
In base 2, what is -10100000110 + 1111000?
-10010001110
In base 12, what is -23aa - 252?
-2640
In base 13, what is 0 + 56a8?
56a8
In base 4, what is 2123 - 1101202?
-1033013
In base 9, what is 46721 - -5?
46726
In base 2, what is -1100101111001 + 100?
-1100101110101
In base 11, what is a916 + -9?
a908
In base 5, what is -2 - 1341043?
-1341100
In base 9, what is -55454 + 8?
-55445
In base 6, what is -120 + -4352?
-4512
In base 9, what is -6 + -683133?
-683140
In base 9, what is 4 - -718724?
718728
In base 6, what is 11231021 - 3?
11231014
In base 9, what is -37 - 23002?
-23040
In base 4, what is 21 - 33203300?
-33203213
In base 7, what is -15352 + -5?
-15360
In base 5, what is -300124 + 112?
-300012
In base 11, what is 1a56 + 3?
1a59
In base 3, what is -1022 + 1002002?
1000210
In base 10, what is -108 - 58?
-166
In base 12, what is 191 - -378?
549
In base 8, what is 17 - -21214?
21233
In base 9, what is 0 + -27711?
-27711
In base 16, what is 1e - 9add?
-9abf
In base 15, what is 142 - 86d?
-72b
In base 10, what is 2 - 26067?
-26065
In base 10, what is -1 - -248721?
248720
In base 11, what is -10735 + -5?
-1073a
In base 15, what is -5 + 9388?
9383
In base 4, what is -1132 - 10210?
-12002
In base 13, what is 3a1 - 3?
39b
In base 9, what is -375 + -781?
-1266
In base 12, what is 1 - -17411?
17412
In base 6, what is 43222344 + 2?
43222350
In base 16, what is 79 + 77?
f0
In base 10, what is 5 - -954808?
954813
In base 2, what is -1101110110111 - -101010000?
-1101001100111
In base 15, what is -c + 6386a?
6385d
In base 16, what is -1 + 3a59?
3a58
In base 14, what is caa + -34c?
95c
In base 14, what is -5 - -6a82?
6a7b
In base 13, what is -45 + -5c?
-a4
In base 4, what is 10022 - -303?
10331
In base 12, what is -17 - a441?
-a458
In base 2, what is -10000110111101 + -1010?
-10000111000111
In base 13, what is -7337 + 2?
-7335
In base 15, what is -60a7a - -2?
-60a78
In base 14, what is -82647 - 0?
-82647
In base 8, what is 1406771 - -6?
1406777
In base 10, what is -6 - 76307?
-76313
In base 2, what is -100000011 - 11011010?
-111011101
In base 6, what is 10524 - -2044?
13012
In base 6, what is 23 - 3200211?
-3200144
In base 9, what is -2 + -150253?
-150255
In base 10, what is 47 + 320?
367
In base 4, what is -301223 - -13?
-301210
In base 2, what is -11 - -100011000110011?
100011000110000
In base 15, what is b + -681b?
-6810
In base 3, what is 221221 + -100110?
121111
In base 10, what is -458 - 579?
-1037
In base 4, what is 11303 - 2312?
2331
In base 9, what is 1 - 18157?
-18156
In base 8, what is 531 - -4242?
4773
In base 4, what is -1 + -2103122021?
-2103122022
In base 12, what is -2 + -90b00?
-90b02
In base 7, what is -262 - 1040?
-1332
In base 11, what is 40a3 - -2?
40a5
In base 10, what is 9 - -63325?
63334
In base 5, what is -1101 + 12313?
11212
In base 10, what is -410 - -1958?
1548
In base 12, what is -138ba17 + 4?
-138ba13
In base 14, what is -1 + -72798?
-72799
In base 9, what is 87856 - 36?
87820
In base 2, what is 1011000110010 - -100101110?
1011101100000
In base 16, what is 4 - -8753?
8757
In base 6, what is -4551 + 235?
-4312
In base 10, what is 9 - -7293?
7302
In base 9, what is 38 - -237323?
237362
In base 16, what is 359 - 6f?
2ea
In base 5, what is -30 + -1332134?
-1332214
In base 2, what is 11 + 1010100110010100?
1010100110010111
In base 16, what is 107 - -aa?
1b1
In base 3, what is -1 + -20120210122?
-20120210200
In base 13, what is -cb + -1146?
-1244
In base 6, what is -2 - -121001?
120555
In base 10, what is -15 + -17462?
-17477
In base 13, what is 9 - 28c2?
-28b6
In base 6, what is 53 - -11100?
11153
In base 3, what is 1 - 201200222?
-201200221
In base 5, what is 4 + 421443?
422002
In base 12, what is -3 + 6300?
62b9
In base 4, what is -2 - 1002100?
-1002102
In base 5, what is 13 + 42044021?
42044034
In base 2, what is 1101 + -100100011111100?
-100100011101111
In base 14, what is 8 - 9a5?
-99b
In base 8, what is -30 - 365371?
-365421
In base 2, what is 101 + 1010000101100000000?
1010000101100000101
In base 2, what is -1010110100 + 100111?
-1010001101
In base 8, what is 1412 - -53?
1465
In base 2, what is -100100 - -11011111000010010?
11011110111101110
In base 12, what is 8 + 9382?
938a
In base 16, what is -5c8 + -115?
-6dd
In base 2, what is -11100100010 - 10101?
-11100110111
In base 7, what is -6 - 15332?
-15341
In base 13, what is -286 + -1c7?
-480
In base 16, what is ee + -10c0?
-fd2
In base 10, what is -1032064 + -3?
-1032067
In base 10, what is 74662 - 14?
74648
In base 13, what is -1cc2c - 54?
-1cc83
In base 10, what is -172 - 88?
-260
In base 3, what is 2001 - 100102?
-21101
In base 9, what is 6 - -1487?
1504
In base 7, what is 20 - -1413?
1433
In base 8, what is -235275 + 2?
-235273
In base 5, what is -101120 - 334?
-102004
In base 14, what is -29a + 22?
-278
In base 9, what is -24065 - -8?
-24056
In base 11, what is -a - -9724?
9715
In base